{"id":7,"date":"2010-06-02T11:45:54","date_gmt":"2010-06-02T11:45:54","guid":{"rendered":"http:\/\/www.pilarbermejoarce.com\/aemt\/?page_id=6"},"modified":"2013-04-21T22:02:21","modified_gmt":"2013-04-21T21:02:21","slug":"biblio","status":"publish","type":"page","link":"http:\/\/amt-taxi.com\/?page_id=7","title":{"rendered":"Biblioteca"},"content":{"rendered":"<p><a href=\"http:\/\/s681506457.mialojamiento.es\/wp-content\/uploads\/2013\/03\/bibliotecas-catalunya.jpg\"><img fetchpriority=\"high\" decoding=\"async\" class=\"size-full wp-image-1592 alignleft\" alt=\"bibliotecas-catalunya\" src=\"http:\/\/s681506457.mialojamiento.es\/wp-content\/uploads\/2013\/03\/bibliotecas-catalunya.jpg\" width=\"300\" height=\"300\" srcset=\"http:\/\/amt-taxi.com\/wp-content\/uploads\/2013\/03\/bibliotecas-catalunya.jpg 300w, http:\/\/amt-taxi.com\/wp-content\/uploads\/2013\/03\/bibliotecas-catalunya-150x150.jpg 150w\" sizes=\"(max-width: 300px) 100vw, 300px\" \/><\/a><\/p>\n<p>&nbsp;<\/p>\n<p>&nbsp;<\/p>\n<p>En esta secci\u00f3n podr\u00e1s descargarte todos los documentos de inter\u00e9s del sector<\/p>\n<p><em id=\"__mceDel\"> en formato .pdf.<\/em><\/p>\n<p>Si no tienes el programa para visualizarlos lo puedes descargar pinchando <a title=\"Acrobat Reader\" href=\"http:\/\/get.adobe.com\/es\/reader\/\" target=\"_blank\">aqu\u00ed<\/a>.<\/p>\n<h3>Notas de prensa<\/h3>\n<ul>\n<li><a href=\"http:\/\/s681506457.mialojamiento.es\/wp-content\/uploads\/2010\/06\/Comunicado_derogacion-horaria2.pdf\">Solicitud de la derogaci\u00f3n de la regulaci\u00f3n horaria<\/a><\/li>\n<li><a href=\"http:\/\/s681506457.mialojamiento.es\/wp-content\/uploads\/2010\/06\/Comunicado_Ilegales-en-la-Champion2.pdf\">Los ilegales en la final de la Champions League, perjudican al taxi<\/a><\/li>\n<li><a href=\"http:\/\/s681506457.mialojamiento.es\/wp-content\/uploads\/2010\/06\/Comunicado_libranzas2.pdf\">Solicitud de derogaci\u00f3n de la nueva ordenaci\u00f3n de libranzas<\/a><\/li>\n<li><a href=\"http:\/\/s681506457.mialojamiento.es\/wp-content\/uploads\/2010\/06\/Comunicado_La-CAM-da-la-espalda-al-taxi.pdf\">La CAM da la espalda al taxi.pdf<\/a><\/li>\n<li><a href=\"http:\/\/s681506457.mialojamiento.es\/wp-content\/uploads\/2010\/06\/5000-conductores-al-paro.pdf\">5000 conductores al paro<\/a><\/li>\n<li><a href=\"http:\/\/s681506457.mialojamiento.es\/wp-content\/uploads\/2010\/06\/Desacuerdo-a-la-regulaci\u00f3n-16-horas-al-coche.pdf\">Desacuerdo a la regulaci\u00f3n 16 horas al coche<\/a><\/li>\n<\/ul>\n<h3>Cartas al Ayuntamiento<\/h3>\n<ul>\n<li><a href=\"http:\/\/s681506457.mialojamiento.es\/wp-content\/uploads\/2010\/06\/Carta_Libranza-fin-de-semana2.pdf\">Libranza fin de semana<\/a><\/li>\n<li><a href=\"http:\/\/s681506457.mialojamiento.es\/wp-content\/uploads\/2010\/06\/Carta_Regulacion-horaria2.pdf\">Regulacion horaria<\/a><\/li>\n<\/ul>\n<h3>Difusi\u00f3n en los medios<\/h3>\n<ul>\n<li><a href=\"http:\/\/www.gacetadeltaxi.com\/acuerdo-financiero-entre-amt-y-sabadell-3020\">Acuerdo financiero entre A.M.T. y banco Sabadell<\/a><\/li>\n<li>Declaraciones de Felipe Rodr\u00edguez Baeza<\/li>\n<li><a title=\"AMT Estrena nuevas instalaciones\" href=\"http:\/\/gacetadeltaxi.com\/amt-estrena-nuevas-instalaciones-2932\" target=\"_blank\">AMT estrena nuevas instalaciones.<\/a><\/li>\n<\/ul>\n","protected":false},"excerpt":{"rendered":"<p>&nbsp; &nbsp; En esta secci\u00f3n podr\u00e1s descargarte todos los documentos de inter\u00e9s del sector en formato .pdf. Si no tienes el programa para visualizarlos lo&hellip;<\/p>\n","protected":false},"author":1,"featured_media":0,"parent":0,"menu_order":2,"comment_status":"closed","ping_status":"closed","template":"page-templates\/full-width.php","meta":{"footnotes":""},"class_list":["post-7","page","type-page","status-publish","hentry"],"_links":{"self":[{"href":"http:\/\/amt-taxi.com\/index.php?rest_route=\/wp\/v2\/pages\/7","targetHints":{"allow":["GET"]}}],"collection":[{"href":"http:\/\/amt-taxi.com\/index.php?rest_route=\/wp\/v2\/pages"}],"about":[{"href":"http:\/\/amt-taxi.com\/index.php?rest_route=\/wp\/v2\/types\/page"}],"author":[{"embeddable":true,"href":"http:\/\/amt-taxi.com\/index.php?rest_route=\/wp\/v2\/users\/1"}],"replies":[{"embeddable":true,"href":"http:\/\/amt-taxi.com\/index.php?rest_route=%2Fwp%2Fv2%2Fcomments&post=7"}],"version-history":[{"count":22,"href":"http:\/\/amt-taxi.com\/index.php?rest_route=\/wp\/v2\/pages\/7\/revisions"}],"predecessor-version":[{"id":1838,"href":"http:\/\/amt-taxi.com\/index.php?rest_route=\/wp\/v2\/pages\/7\/revisions\/1838"}],"wp:attachment":[{"href":"http:\/\/amt-taxi.com\/index.php?rest_route=%2Fwp%2Fv2%2Fmedia&parent=7"}],"curies":[{"name":"wp","href":"https:\/\/api.w.org\/{rel}","templated":true}]}}